. Calculate the highest common factor of y and 18.
6
Let m be (738/(-12) - -2)/((-1)/4). Calculate the highest common divisor of m and 34.
34
Let g be (-2)/(8/38)*(35 + -37). Calculate the greatest common divisor of 152 and g.
19
Let u(k) = k**2 - 4*k - 3. Let d be u(5). Let l = d - 0. Suppose -m + l*a + 20 = m, -2*m = a - 26. What is the highest common divisor of m and 30?
6
Suppose 2 - 4 = -t. Suppose -g + 5*g - 2*w = 480, g + t*w - 125 = 0. Let z be 1 + 0 + (-20)/(-2). What is the greatest common divisor of z and g?
11
Let r be 2/(-4) - 58/4. Let m = 25 + r. Calculate the greatest common divisor of m and 10.
10
Let o = -50 - -70. Calculate the greatest common factor of o and 30.
10
Let h(y) = -y**3 - y**2 + y - 8. Let b be h(0). Let q = 11 + b. Suppose q*t - 120 = -0*t. Calculate the highest common factor of t and 8.
8
Suppose -2*x - 2*n = n + 7, 2*x + 4*n = -10. Let t(f) = 1 + 0 + 94*f + 0. Let o be t(x). Calculate the highest common factor of o and 19.
19
Suppose -5*q + 5*f + 115 = 0, -3*f = 5*q - 0*f - 123. Calculate the highest common divisor of 3 and q.
3
Let v = -7 + 10. Calculate the highest common divisor of v and 1.
1
Let g(l) be the third derivative of 11*l**6/120 + l**5/60 + l**4/24 - l**3/6 + 2*l**2. Let m be g(1). What is the greatest common divisor of m and 12?
12
Suppose -2*y + 6 = 0, -2*g - 2*g - y + 11 = 0. Suppose -5*p = -3*r + 647, -2*r + 6*p = g*p - 434. What is the greatest common factor of 19 and r?
19
Suppose -w - 1 = 0, -4*r + 19 = -w - 2*w. Let c = 7 + r. What is the highest common factor of 11 and c?
11
Let j(x) = -6*x - 4. Let g be j(-3). Let l be (3/(-6))/(2/(-132)). Let u = l + -5. Calculate the greatest common factor of g and u.
14
Let m(j) = j - 3. Let l be m(6). Let g(v) = v**2 - 6*v - 2. Let a be g(7). Suppose d - 6*d = -a. What is the greatest common factor of d and l?
1
Let w(u) = -34*u - 2. Let x be w(-3). Let z be x/3*(9 + 0). Suppose 3*b = -2*b + z. Calculate the greatest common divisor of 10 and b.
10
Suppose -514 = 5*b - y + 299, 0 = 4*y - 12. Let g = -85 - b. Calculate the highest common divisor of g and 7.
7
Let z be 6492/54 + (-2)/9. Let j be (0 - z)/(6/(-4)). Suppose 2*w = 4*m - 0*w - 48, 2*m - 32 = 3*w. What is the greatest common factor of m and j?
10
Let x be (-2)/((-146)/36 - -4). Calculate the highest common factor of 18 and x.
18
Suppose 0 = 3*j - 4*r - 145, 6*j - 2*j = -5*r + 152. What is the greatest common factor of j and 473?
43
Suppose -2*o - 2*v + 40 = 0, 0*v + 4*v + 32 = 3*o. Suppose 3*y - 50 = -8. Suppose -d + y = -18. Calculate the greatest common factor of o and d.
16
Let m be (-97)/(-3) - 3/9. Suppose -2*v - 2*j = -6, -14*j = 3*v - 13*j - 19. What is the highest common factor of m and v?
8
Suppose 0 = -5*j - 2*s - 453, 4*s - 239 = 3*j + 12. Let x = -49 - j. Suppose -5*g = -635 - x. What is the highest common divisor of 15 and g?
15
Let n(b) = -b**2 - 6*b + 4. Let z be n(-6). Let t = 15 - 9. Suppose z*l + 2 - t = 0. What is the highest common factor of 7 and l?
1
Let h be 15/((-105)/(-112)) - 1*3. What is the highest common divisor of 143 and h?
13
Let h = -50 + 150. Let y = h - -10. What is the greatest common divisor of 10 and y?
10
Suppose -76 = -2*j - 2*j. Calculate the highest common factor of j and 57.
19
Suppose 3*t - 24 = 2*w - 105, 5*w = -4*t + 237. Let i be 4/14 + 99/21. What is the greatest common factor of w and i?
5
Let f be -2 - (0 - (-1 + 4)). Calculate the highest common factor of 1 and f.
1
Suppose -5*w = 3*v - 10*w - 105, -5*v + 175 = 5*w. Calculate the highest common factor of v and 5.
5
Suppose -12*z + 54 + 210 = 0. What is the highest common divisor of z and 242?
22
Suppose 2*h + 3*a - 105 = 0, 0*a + 4*a = -12. Let l(f) = 22*f - 4. Let n be l(4). Let t = n - h. What is the greatest common divisor of 3 and t?
3
Let x(o) = 12*o - 1. Let u be x(1). Let q = u - 7. Suppose 8*d - 4 = q*d. What is the greatest common divisor of d and 1?
1
Suppose 4*p = -2*s + 34, 9*s - 4*s - 4*p - 57 = 0. Calculate the highest common divisor of s and 91.
13
Let j = -5 + 3. Let s = 8 + j. Calculate the highest common divisor of s and 30.
6
Suppose 10 = -c - l, c = -4*c - 3*l - 42. Let y be ((-416)/(-24))/((-2)/c). Calculate the highest common divisor of 130 and y.
26
Let j be ((-6)/4 - -1)*-24. Suppose 0 = 2*r + t + 8 + 1, -4*t = 4. Let h = 56 - r. What is the greatest common factor of h and j?
12
Let c(m) = m**2 - 3*m + 10. Let j be c(-7). Let a(u) = -u**3 + 5*u**2 - 4*u + 2. Let d be a(3). Calculate the highest common factor of d and j.
8
Let w = -136 + 182. What is the greatest common factor of 2 and w?
2
Suppose 5*k + 2*q = -2*q + 60, q = 0. Let h be 2/(-12) - 1086/(-36). Calculate the greatest common divisor of k and h.
6
Let o be (6/12)/(1/(-2)). Let v be (-281)/(-4) - o/(-4). Calculate the highest common factor of 14 and v.
14
Suppose -8*q - 42 = -11*q. Calculate the greatest common factor of 7 and q.
7
Suppose 0 = 4*r - 89 - 191. Let z(k) = k**2 - 5*k + 10. Let d be z(5). Calculate the greatest common factor of d and r.
10
Suppose -3*c + 19 = -11. Calculate the greatest common divisor of 10 and c.
10
Let x(b) = -b**3 + 3*b**2 + 9*b - 7. Let l be x(6). Let i = -36 - l. What is the greatest common factor of 50 and i?
25
Suppose 0 = 3*p - 15, -2*n + p + 4 = -55. What is the greatest common divisor of n and 80?
16
Suppose 3*p + 2*p - 85 = 0. Suppose 0 = 2*o - 1290 + 528. Let f = o + -262. Calculate the greatest common factor of f and p.
17
Let r = 48 + -33. Suppose 5*z + 2*l - 17 = -0, -10 = -3*z - l. Calculate the greatest common divisor of r and z.
3
Let c(g) = g**2 + 7*g - 6. Let q be c(-8). Suppose 0 = -q*l + 5*l - 15. Suppose -l*k + 85 + 265 = 0. What is the highest common factor of 28 and k?
14
Suppose -5*x + 9*x = g - 12, g = 2*x + 8. Calculate the highest common divisor of g and 3.
1
Let m be 1*-2 - 38*-1. Suppose 0*r = 4*r - 16. What is the highest common divisor of m and r?
4
Suppose 0 = 3*n - n - 6. What is the greatest common factor of n and 21?
3
Let r be (-1*7)/((-3)/6). Let q(i) = 98*i. Let h be q(1). Calculate the highest common divisor of h and r.
14
Let c(y) = y - 1. Let n be c(4). Suppose -a = -2*p - n*p + 61, -3*p + 37 = -a. Suppose -64 = 3*z - 76. Calculate the highest common divisor of p and z.
4
Let k(q) = 41*q**2 + q. Let m be k(1). Let u(v) be the second derivative of 7*v**3/3 - 2*v. Let g be u(2). Calculate the greatest common factor of g and m.
14
Suppose 2*i = 4*m - 3*i + 8, 0 = m - 5*i + 17. Suppose m*q = j + 2*j + 12, q + j = 0. Suppose q*d - 7*d = -80. What is the greatest common divisor of d and 16?
16
Suppose 0 = 4*u - 8*u + 5*j + 288, -72 = -u - 2*j. Suppose -5*r - 20 = 0, 2*r - 33 = 4*o - 113. Calculate the greatest common divisor of o and u.
18
Let v be 10/(-45) + (-256)/(-18). What is the greatest common divisor of v and 21?
7
Let y be 3/1 - (3 - 7). Suppose 4*z - 16 = 3*p, 0 = -4*z - 2*p - 0*p + 36. What is the highest common factor of y and z?
7
Let i be (-7*1)/(-1*2/2). What is the greatest common factor of 28 and i?
7
Suppose 0 = -t - 2*w + 8, 28 = 5*t - 4*w + 2. What is the greatest common divisor of t and 16?
2
Let n be -1*(1 + 25)/(-2). Let o(q) = -q**3 + 14*q**2 - 14*q + 16. Let h be o(n). Let m = 47 - h. Calculate the highest common divisor of 11 and m.
11
Suppose 0 = 2*f + f - 714. Let h(s) = s**2 - 29*s + 4. Let a be h(30). What is the greatest common divisor of f and a?
34
Let v(r) = 2*r**2 + r. Let a be v(5). Let g(p) = -p**3 - 7*p**2 + 10*p. Let h be g(-8). Let l be (-264)/h*4/6. What is the highest common divisor of l and a?
11
Let l = 143 + -132. Let g(m) = -2*m**3 + 3*m**2 + m - 1. Suppose -4*i - 1 = 11. Let o be g(i). Calculate the highest common factor of l and o.
11
Suppose -231 = -3*q - p, -p + 2 = 5. What is the highest common factor of q and 26?
26
Let z be (-4)/30 - (-1799)/105. Calculate the greatest common factor of z and 85.
17
Let q = 27 + -12. Calculate the greatest common factor of q and 15.
15
Let n(r) = r**2 + r - 4. Let h be n(3). Calculate the greatest common divisor of 8 and h.
8
Let j = -2 - -7. Suppose k = 1, -j + 26 = 2*w - 3*k. What is the highest common factor of 4 and w?
4
Let v be (-1012)/(-99) + (-4)/18. Let h(w) = -w**2 + 7*w + 10. Let i be h(7). What is the greatest common divisor of v and i?
10
